ose 5*p + l = 504, 4*l = -486*p + 482*p + 400. Let g = 52 + -31. Calculate the remainder when p is divided by g.
17
Let u(c) = -2*c - 14. Suppose -7*x + 90 = -13*x. Calculate the remainder when 109 is divided by u(x).
13
Suppose -242 = -3*a + 5*h, -3*a + 21*h + 260 = 25*h. Calculate the remainder when a is divided by 22.
18
Suppose -3*y + y = -5*b + 361, -3*b + 228 = -5*y. What is the remainder when b is divided by 24?
23
Suppose 4*r = 2 + 6. Suppose 2*d = 3*z - r, -8*z - 3*d = -3*z - 16. Suppose 4*y - z*y = 62. What is the remainder when y is divided by 8?
7
Suppose 4*v + 541 = 669. Suppose 3*p - 48 = 2*o, 3*p + 0*o + 2*o - 60 = 0. What is the remainder when v is divided by p?
14
Let v(z) = -7*z - 73. Suppose j = -j - 38. What is the remainder when 239 is divided by v(j)?
59
Let a(z) = z**3 - 9*z**2 + 3*z - 10. Let n be a(8). Let l = n - -83. Suppose -u + 3*u = 6, -d = -3*u - 8. What is the remainder when l is divided by d?
16
Let a be 1 + 2 + 10/5. Suppose -3*z = 4*n - 25, -a*z - 2*n + 65 = -0*n. What is the remainder when 29 is divided by z?
14
Let f(v) = -v**3 - 9*v**2 + 21*v + 55. Calculate the remainder when f(-15) is divided by 26.
24
Suppose 54 - 194 = -35*d. Calculate the remainder when 172 is divided by d.
0
Suppose 0 = -5*v + 2*w + 49 + 12, 2*w = 4. Suppose -67 = -8*l + 221. What is the remainder when l is divided by v?
10
Suppose -7 = 2*f - 3*f. Suppose k - 25 = 4*g, 0 = -2*k + 2*g + 6 + 56. Suppose -j - 4*i = i - 33, -k = -j + 3*i. What is the remainder when j is divided by f?
5
Suppose 12*i - 17*i + 80 = 0. Suppose 15 = -5*x + 160. What is the remainder when x is divided by i?
13
Let d = 145 + -71. Calculate the remainder when d is divided by 19.
17
Calculate the remainder when 90 is divided by 25 - (4/(-4) - -2).
18
Let a(u) = u**3 + 10*u**2 + 13*u + 11. Let j be a(-8). Let n = -51 + j. Let v = -1 - n. Calculate the remainder when 59 is divided by v.
14
Let h = -246 - -372. What is the remainder when h is divided by 33?
27
Suppose -4*t - 5*p + 103 = 0, 18*t = 19*t - 4*p - 31. What is the remainder when 800 is divided by t?
17
Suppose -6*r + r - 170 = 0. Let i = 46 + r. Calculate the remainder when 32 is divided by i.
8
Let j = -32 + 22. Let c = j - -20. Suppose 3*f - 15 = 0, p - 3*f = -4*p. Calculate the remainder when c is divided by p.
1
Calculate the remainder when (13 + -9 - 0)*213/4 is divided by 27.
24
Suppose 4*t - 99 = -2*y - y, y - 25 = -4*t. What is the remainder when y is divided by 14?
9
What is the remainder when 355 is divided by ((-405)/36)/((-18)/96)?
55
Suppose 4*l = 101 - 921. Let j = -83 - l. Let q(m) = -2*m**3 - 3*m**2 + 20*m + 58. What is the remainder when j is divided by q(-3)?
22
Let l(q) be the first derivative of 4*q**3/3 - 5*q**2/2 - 17. Calculate the remainder when l(5) is divided by 19.
18
Let h(o) = -o**2 - 28*o - 27. Let j be h(-11). Let v = j + -149. What is the remainder when 186 is divided by v?
10
Let n(s) = s**3 + 8*s**2 + 6*s + 4. Suppose 4*o - d = -o - 30, d = 3*o + 16. Let h(z) = -3*z + 70. Calculate the remainder when h(17) is divided by n(o).
8
Suppose -6*q = -12*q + 96. What is the remainder when 126 is divided by q?
14
Suppose -93 = -4*v - g + 2*g, -v = 4*g - 2. Suppose -3*k + v = -35. What is the remainder when 108 is divided by k?
13
Let a = -11 - -21. Calculate the remainder when -4 - 200/(-52) - (-446)/26 is divided by a.
7
Let q(n) = -n**3 - 3*n**2 - 11*n + 1. Let g(c) = -c**3 + 5*c**2 + 3*c + 12. What is the remainder when q(-5) is divided by g(5)?
25
Suppose k - 2*k + 5 = 4*q, 2*k = q - 8. Suppose -y + 48 = 2*f - 4*y, -q*y + 31 = f. Calculate the remainder when f is divided by 10.
7
Let a be 7/28 - 21/(-12). Suppose -i + 0 = -a. Suppose m - 22 = -i*f + 9, 4*m + 4*f - 132 = 0. Calculate the remainder when m is divided by 9.
8
Let k = -378 - -500. Calculate the remainder when k is divided by 63.
59
Suppose 0 = -5*s - 5*f + 96 + 59, f + 50 = 2*s. Let h = 33 - s. Calculate the remainder when h is divided by 5/(-2)*(0 - 2).
1
Let z = 7 - 5. Suppose 0 = z*g + g - 9. Suppose j = -g*j + 84. Calculate the remainder when j is divided by 12.
9
Let n = 83 + -76. Suppose -5*m = -4*a + 65, 3*a = 7*a + m - 83. What is the remainder when a is divided by n?
6
Calculate the remainder when 321 is divided by (2/(-4))/((210/380)/(-21)).
17
Suppose -220*q = -226*q + 2856. Calculate the remainder when q is divided by 12.
8
Suppose -3*q = 5*h + 2, 1 = -3*h - q - q. Let v = h + 31. Calculate the remainder when v is divided by 16.
14
Suppose -2*t + 61 = 15*d - 10*d, -3*t + 83 = -d. Calculate the remainder when 72 is divided by t.
16
Let j = 27 - -16. Calculate the remainder when 343 is divided by j.
42
Suppose 0 = -h - 5*n + 4 + 4, 0 = n - 1. Suppose -5*g + 52 + 81 = -h*s, 5*s = -2*g + 47. What is the remainder when g is divided by 6?
2
Let y = 2 - -53. Let c = y + -19. Calculate the remainder when c is divided by 20.
16
Let y be 70/22 - 6/33. Suppose 0*b + 2*b - 40 = 2*f, 0 = b + y*f - 20. Calculate the remainder when 78 is divided by b.
18
Let m = 3273 + -3217. Calculate the remainder when m is divided by 40.
16
Let p(s) = s**3 - 25*s**2 + 21*s + 105. Calculate the remainder when p(24) is divided by 5.
3
Suppose 14*u - 1852 = 4*u - 1572. Calculate the remainder when (-9)/((-2)/(1*12)) is divided by u.
26
Suppose -2 + 5 = h. Let k be ((-9)/(-4))/(h/632). Suppose 3*w = k - 105. Calculate the remainder when w is divided by 31.
30
Suppose 0 = 16*j - 332 - 36. Calculate the remainder when 272 is divided by j.
19
Let v = 369 + -364. What is the remainder when 55 is divided by v?
0
Let x(f) = 12*f - 129. Calculate the remainder when 384 is divided by x(14).
33
Suppose 4*r = -5*o + 93 + 749, -860 = -5*o + 5*r. What is the remainder when 522 is divided by o?
12
Suppose -y - 6 = -4*f - 16, 1 = y - f. Calculate the remainder when (57 - 3)*((-16)/(-6) + y) is divided by 19.
17
Let t(w) = -w + 5. Let o be t(2). Let n(g) = 13*g - 1 + 0 - o - 7*g - g**2. What is the remainder when 1 is divided by n(5)?
0
Let b(a) = a**2 + a. Let q be 2/(4/7) - (-1)/(-2). Calculate the remainder when b(5) is divided by (-15 - -9)*(-4)/q.
6
Suppose -2*p + 4*u = -66, -2*u - 259 = -2*p - 183. Calculate the remainder when 417 is divided by p.
30
Let i(v) = v**3 - v**2 + 10. Let y be (-2 + -5)*(-18)/(-21). Let o be (y + 6)/((-2)/(-1)). Calculate the remainder when 36 is divided by i(o).
6
Let v(d) = 3*d**2 - 2. Let z = 3995 - 3948. Calculate the remainder when z is divided by v(-2).
7
Let q(k) = 4*k**2 - k + 1. Let w be q(1). Suppose 0 = -w*o + 6 + 26. Suppose 0 = -o*v + 3*v + 55. Calculate the remainder when 19 is divided by v.
8
Suppose 181 = 3*j + 82. Calculate the remainder when 97 is divided by j.
31
Let b(w) = 2*w + 1. Let s be b(2). Suppose -1 - 3 = -4*u - 2*m, 0 = -4*u + s*m + 32. What is the remainder when 99 is divided by (-2)/u + 1040/30?
31
Let y(k) = -k**3 + 77*k**2 - 75*k - 48. Calculate the remainder when 164 is divided by y(76).
24
Let j(h) = -h**2 - 8*h + 1. Calculate the remainder when 46 is divided by j(-7).
6
Let l = -13 + -11. Let v = 35 + l. Calculate the remainder when v is divided by 5.
1
Let j(d) = -3*d**3 - 14*d**2 - 15*d + 1. Calculate the remainder when 123 is divided by j(-4).
7
Let m(j) = j**3 + j + 15. Let y(l) = l**3 - 2*l - 1. Let c be y(-1). Let q(r) = 5*r**2 + 66*r + 15. What is the remainder when q(-14) is divided by m(c)?
11
Let u = 25 - 10. Suppose -2*h + 95 = 3*h. Let v = h - u. Calculate the remainder when 4 is divided by v.
0
Let q = 8 + 2. Let v(a) = a**3 - 11*a**2 + 7*a - 11. Let y be v(q). Let b = -14 - y. What is the remainder when b is divided by 6?
3
Let p(i) = i**2 + 17*i + 72. What is the remainder when 10 is divided by p(-11)?
4
Let u(q) = -5*q - 22. Let d(n) = 2*n + 7. Let l(c) = 11*d(c) + 4*u(c). Let o = -110 - -116. Calculate the remainder when l(10) is divided by o.
3
Let j = -4 + 8. Suppose -j*w = -7*w. Suppose 0 = 4*z - 2*t - 42, 5*t - 3 = -w*z + z. Calculate the remainder when 32 is divided by z.
8
Suppose -213*p = -227*p + 140. Calculate the remainder when 266 is divided by p.
6
Suppose 3*i = 4*l + 231, -6*i + 4*i + 134 = 4*l. What is the remainder when i is divided by 26?
21
Let h(u) = 4*u**2 + 2*u**2 - 3*u**2 + 4 - 2*u**2 - 4*u. Suppose -8*n - 29 + 109 = 0. What is the remaind